t k(t) = t**2 - 34*t. Let i be k(u). Let s = 422 + i. What is the units digit of s?
4
Let v = 59 - 51. Suppose -2*k - 2*s = -v, -5*k - 2*s + 1 = -7. What is the tens digit of (7 + -7 - -1) + 142 + k?
4
Let f = 1164 - 590. Suppose f = -19*l + 8117. What is the units digit of l?
7
Suppose -30*h = -56*h + 4888. Suppose -n - 66 + 138 = 3*i, 5*i + h = 3*n. What is the tens digit of n?
6
Let a = 228 + -240. What is the tens digit of ((-368)/a - -2)*3?
9
Suppose -48*y + 49*y = -5*h + 97, 379 = 6*y + h. What is the units digit of y?
2
Suppose 2*t + 5052 = 25118. What is the thousands digit of t?
0
Let w(s) = 15*s - 1. Let b(j) = -j**2 - 11*j - 27. Let i be b(-6). Let u be w(i). Suppose -u*v - 180 = -48*v. What is the units digit of v?
5
Let x = 40546 + -27828. What is the tens digit of x?
1
Suppose k + 228*z - 229*z - 18929 = 0, 0 = -2*k - 2*z + 37870. What is the tens digit of k?
3
Suppose -1137 = 5*n - 5667. Suppose -2*f = 5*g - n, -3*g + 190 = -2*g - 4*f. What is the units digit of g?
2
Let m(x) = -3183*x + 1027. What is the hundreds digit of m(-3)?
5
What is the hundreds digit of 1*-60*20*1510/(-80)?
6
Let f(i) = 2*i**3 + 43*i**2 - 24*i - 41. Let l be f(-22). Suppose -3*a + 186 = -a - n, 0 = -4*n. Suppose -a + 417 = l*r. What is the hundreds digit of r?
1
Let o = 447 + -445. Suppose o*q - 582 = -p + 4*q, 3*p = q + 1751. What is the hundreds digit of p?
5
Let k(p) = 2*p**3 + 13*p**2 - 9*p + 55. Let x be k(-9). Let m = x + 446. What is the hundreds digit of m?
1
Let v(i) = 2*i**3 - 3*i**2 + 9*i + 51. What is the ten thousands digit of v(24)?
2
Let c(b) = 363*b + 2975. What is the thousands digit of c(7)?
5
Let c = -19 + 24. Suppose -2*x = -3*g - 538 - 76, c*x - 5*g = 1540. What is the tens digit of x?
1
Suppose 19 = -5*y + 74. Let v(h) = 2*h - y*h**2 - 19 + 4*h**2 + 11*h**2 - 14*h. What is the tens digit of v(-6)?
9
Let p be 0*(-4)/(-6)*3/2. Suppose -2*m - 462 = -2*g + 2086, p = 5*m - 5. What is the tens digit of g?
7
Suppose -3*f + 7687 - 1698 = 2*g, -2*f = -4*g + 11970. What is the thousands digit of g?
2
Suppose 4*t - 176 - 208 = 0. Let x = 176 + -172. Suppose -48 = -2*q + 3*y - 5*y, -x*q + t = -y. What is the units digit of q?
4
Suppose 5582 = 2*l + 5*w - 6624, w = -2. What is the units digit of l?
8
Suppose 0 = -2*g - n + 51923, 9*g - 25954 = 8*g - 3*n. What is the ten thousands digit of g?
2
Let d = -2 - -4. Let i(c) = 0*c**3 + 6 - c**3 - 2*c**2 - c**2 - 3*c**d. What is the units digit of i(-6)?
6
Let x be ((-27)/6)/(-9)*6. Suppose -x*g - 3 - 2 = 2*y, 0 = 3*y + 3*g. What is the tens digit of (22/(-3))/((-64)/12 + y)?
2
Let t be 7 - 2 - (1 - 4) - 3. Suppose 9 = 2*g - 0*g + s, -t*s + 19 = -3*g. Suppose -d = g*v - 86, 0 = 2*v + 2*d - 4*d - 98. What is the tens digit of v?
4
Let r = -71 - -70. Let v be ((-351)/(-12) + 0)*(r + -3). What is the tens digit of (v/12)/(2/(-16))?
7
Suppose -4*f - 168 = -f. Let p = f - -95. What is the tens digit of p?
3
Let f(j) = -1788*j**3 + 2*j**2 + 3*j - 14. Let r be f(4). What is the units digit of r/(-230) - 2/5?
7
Suppose -o = -p - 2435 - 2203, p - 4648 = -o. Suppose 4*s - b - o = 1620, 2*b = 2. What is the tens digit of s?
6
Let v = 12 - 14. Let l(q) = -209*q + 32. What is the hundreds digit of l(v)?
4
Suppose -81810 = -38*t + 7*t + 280022. What is the ten thousands digit of t?
1
Let w = 915 + 33439. What is the units digit of w?
4
Let x be (-684)/15 + (-4)/10. Let q = 44 + x. What is the units digit of ((-10)/4)/(q/52)?
5
Let w(u) = 6675*u**2 + 118*u + 119. What is the units digit of w(-1)?
6
Let t = -63 + 36. Let y = -33 - t. What is the tens digit of (-377)/(-3) + y/(-18)?
2
Suppose -28*b = 43*b - 381412. What is the tens digit of b?
7
Let r be 8/(-16)*2 + 46. Suppose 36993 = r*q - 12*q. What is the hundreds digit of q?
1
Let l = 178 + 285. Suppose -891 = -2*o - h, -o + l = h + 3*h. What is the units digit of o?
3
Let l be (12/14)/((-4)/(-364)). Let y(d) = 2*d**3 + 29*d**2 + 19*d + 49. Let h be y(-14). Let k = h + l. What is the units digit of k?
7
Let a = 8450 - -38082. What is the thousands digit of a?
6
Let t = -13166 + 15744. What is the thousands digit of t?
2
Let q = -13857 + 24262. What is the hundreds digit of q?
4
Let t(o) be the first derivative of o**2/2 + 11*o + 3. Let v be t(-4). What is the tens digit of 262/2 + v/((-14)/4)?
2
Suppose -406*h + 5859472 = -99*h - 6017130. What is the ten thousands digit of h?
3
Let q(r) = -r**2 - 12*r - 8. Let f be q(-8). Let p(h) = 10*h - 59. What is the units digit of p(f)?
1
Let o(x) = 3*x - 15. Suppose f + f - 10 = 0. Let q be o(f). Suppose -2*d + s + 42 + 81 = q, -4*s = 4. What is the tens digit of d?
6
Let g(c) = 5*c**2 + 17*c + 8. Suppose 3*b = 2*b + 2*y + 10, 2*b + 7 = -5*y. Suppose -13 = -3*q - s, s - 7 = 2*q - b*q. What is the units digit of g(q)?
0
Let l(c) = -142*c + 2959. What is the units digit of l(-18)?
5
Let u(q) = -31*q - 101. Let l be u(-5). Let o = 388 - l. What is the units digit of o?
4
Let u(l) = 26*l + 7279. What is the units digit of u(57)?
1
Suppose 18*a + v + 39003 = 20*a, 2*a - 3*v = 39001. What is the tens digit of a?
0
Let g = 68 - 38. Suppose g = -6*j + j. What is the units digit of (-3)/j*-39*-2?
9
Suppose -8*q + 214 = 150. What is the hundreds digit of 295 + q + (-64)/8?
2
Suppose -10*g = -7*g - 32*g + 126875. What is the units digit of g?
5
Let k(q) = q**3 - 6*q**2 + 8*q + 2. Let i be k(4). Suppose c + c = 4*j - 1934, -i*j = 5*c - 961. What is the tens digit of j?
8
Let u = 12190 - 3512. What is the thousands digit of u?
8
Let k = -80 + 76. What is the tens digit of (-231)/(-12) - (-1)/k?
1
Suppose -404 = -2*g - 3*n + 581, 5*g + n = 2482. What is the hundreds digit of g?
4
Suppose -2*c - 10 = -6, 0 = -i + 2*c + 2705. What is the tens digit of i?
0
Let g be 7 + -11 + 4/4 + 65. Suppose -g*s + 71*s = 2619. What is the hundreds digit of s?
2
Suppose 0 = 5*i - 4*r + 7, -3*i + 4*r + 11 = -4*i. Let a be 16491/46*(-4)/i. Let p = a - 249. What is the hundreds digit of p?
2
Let u = 103 + -39. Let s = 345 - u. What is the hundreds digit of s?
2
Suppose 329212 = -19*y + 454199 + 488029. What is the ten thousands digit of y?
3
Suppose 0 = 3*v + f - 165584, -2*v - f + 16237 = -94153. What is the units digit of v?
4
What is the units digit of ((-13190)/(-4) + 2)*(427 - 425)?
9
What is the hundreds digit of (-47)/(188/(-22512)) + 1?
6
Let f = -2824 - -1829. Let p = f + 2456. What is the hundreds digit of p?
4
Let s(x) = -x**3 - x**2 + 51*x + 2102. What is the thousands digit of s(0)?
2
Suppose 20*p - 227653 + 40151 = 56978. What is the hundreds digit of p?
2
Let k = 363 + 843. Let r = k - 506. What is the tens digit of r?
0
Let v be (-3)/(3/305)*76/(-38). Suppose v = 2*q - 4*f, 5*q + f - 520 = 1027. What is the hundreds digit of (q + 2 + 1)/((-9)/(-6))?
2
Suppose 14 = -67*u + 74*u. Suppose u*f = 3100 - 858. What is the thousands digit of f?
1
Let w(m) = -6*m**3 + 3*m + 2. Suppose -8*a = 9 - 1. Let y be w(a). Suppose 2*u = y*q + 5*u - 1338, -5*q + 3*u + 1362 = 0. What is the tens digit of q?
7
Suppose 1516 = k - 6689. What is the hundreds digit of k?
2
Let a(g) be the second derivative of -g**3/3 + 6*g**2 + 19*g. Let p be a(0). Let u = 30 - p. What is the units digit of u?
8
Suppose 0 = -5*j + 4*t + 9406, -7853 - 1558 = -5*j - t. What is the tens digit of j?
8
Let k(i) = 105*i**2 - 3. Suppose -5*f + 15 = 4*x + 3, -f = -3*x - 10. What is the units digit of k(x)?
7
Let q be (-1)/6 + 772/24. Let r = q + -26. Suppose -9*u + r*u = -135. What is the tens digit of u?
4
Suppose 255 = 5*h - 5*r, -5*h + 73 + 178 = -r. Suppose -3*j = -583 - h. Suppose -2*s + 289 = 3*y, -3*s - 4*y + 222 + j = 0. What is the units digit of s?
3
What is the hundreds digit of 6920 + -4 + 3 + -11?
9
Suppose 3*q + 8284 = p, 21*p = 17*p + 5*q + 33171. What is the hundreds digit of p?
2
Let r(w) = -3*w**3 - 4*w**2 + 4*w - 8. Let a be ((-15)/(-6))/((-25)/60). What is the units digit of r(a)?
2
Suppose -2*m + 22 = 4*h - h, -h + 3*m - 11 = 0. Suppose -c = -0*c - 3*v - 136, -5*c - h*v + 680 = 0. Suppose -2*l = -4*l + c. What is the units digit of l?
8
Let h(z) = 5*z**3 - 12*z**2 - 55*z + 702. What is the units digit of h(14)?
0
Suppose 10714*k = 10690*k + 191592. What is the hundreds digit of k?
9
Suppose p - 6*p + 75785 = 0. Suppose p = -18*n + 41*n. What is the units digit of n?
